70 + 4674. Let v(t) be the third derivative of -1/24*t**z + 1/30*t**5 - 1/3*t**3 + 0 + 0*t + 9*t**2. Give v(3).
13
Let q(p) be the third derivative of -p**7/5040 + p**5/60 - 16*p**3/3 + 8*p**2. Let m(r) be the third derivative of q(r). What is m(3)?
-3
Let t(b) = 0*b + b**2 + b + 3866661*b**3 - 3866564*b**3 + 1. Determine t(-1).
-96
Let u(s) be the second derivative of s**4/3 + 2*s**3 - 51*s**2/2 - 9588*s. Determine u(4).
61
Let q(z) be the first derivative of z**2 + 6*z - 331. Suppose -2*u + 7*u = 25. Calculate q(u).
16
Let a(o) be the first derivative of -o**3/3 - 9*o**2/2 + 6*o - 12. Let m(f) = f**2 + 15*f - 35. Let y be m(-17). Let k be (9/(0 - y))/(4/(-4)). Give a(k).
6
Let t(i) = -2 - 64898*i**2 + i**3 + 129808*i**2 - 64908*i**2. Determine t(-2).
-2
Suppose 5*h = 156 - 146. Let u(g) = 0 + 174*g**3 + h*g - g**2 - 175*g**3 + 2. Let a = -25 + 22. Calculate u(a).
14
Let g(m) = 1 - 1718*m**2 + 870*m**2 + 849*m**2. Let j(b) = -b**2 + 3*b + 4. Suppose -4*k + 4 + 12 = 0. Let i be j(k). Determine g(i).
1
Let a(f) = 2 - 4*f - 3 + 7. Let g be a(5). Let j = g + 21. Let z(b) = b - 2. What is z(j)?
5
Let d = 541 - 540. Let r(y) = -y**2 + 9*y - 7. Give r(d).
1
Let b be 3/15*(-15 + 15). Let p(a) = a**2 + 8*a - 14. What is p(b)?
-14
Suppose 2497 - 2521 = -6*k. Let o(q) be the first derivative of -5/2*q**k - 1/3*q**3 - 1/2*q**2 + 2 + q. Give o(1).
-11
Let c(n) = n**2. Let y be (-14)/(-4) - 650/260. Give c(y).
1
Let g(n) be the first derivative of -n**3/6 - 15*n**2/2 + 74*n + 68. Let i(z) be the first derivative of g(z). Let m = -25 + 17. What is i(m)?
-7
Let d(n) be the third derivative of n**4/12 + 41*n**3/6 - 5894*n**2. Suppose 0 = 4*o + 4*h + 72, -4*o + 4*h = -6*o - 36. What is d(o)?
5
Let s be 13/(-6) + 2/12. Let p(r) be the first derivative of 5*r**3/3 + 2*r - 112. Determine p(s).
22
Suppose -5*v = -k - 13, 25 = 3*v + 2*v - 5*k. Let t(i) = 4 - 7*i**2 - 13 - 8*i + 6*i**v. Calculate t(-6).
3
Let p(b) = -b**3 - 6*b**2 + 6*b + 9. Let m(f) = f. Suppose 120 = -0*w + 6*w. Let u = -17 + w. Let l(s) = u*m(s) - p(s). Determine l(-6).
9
Let s(z) be the first derivative of -z**4/8 - 3*z**3 + 9*z**2 - 126. Let m(a) be the second derivative of s(a). Calculate m(-7).
3
Let c = 452 + -450. Let b(p) = 18*p**c + p + 28794 - 28794. What is b(-1)?
17
Let y be 12/18 - 20/(-6). Let g(c) be the second derivative of -c**5/20 + 5*c**4/12 - c**3/6 - 3*c**2/2 - 425*c. Calculate g(y).
9
Let i(b) be the second derivative of -3*b**3/2 - 89*b**2 - 34*b - 9. Give i(-20).
2
Suppose 2*f = -7 + 1. Let v(s) = -1 + 1930*s + 1997*s - 3928*s. What is v(f)?
2
Let d(f) = f**2 - 19*f + 91. Let c = -10407 + 10417. Determine d(c).
1
Let v(c) be the first derivative of -c**3/3 + 2*c**2 + 66668. Suppose 4*l + q = -l + 20, 3*q = 3*l - 30. Give v(l).
-5
Let r(t) = -t**3 - 9*t**2 - 8*t + 9. Let y be -15 + -85 + 90 + (2 - -1). What is r(y)?
-33
Let o(q) = 2*q**2 - q - 7. Let i(f) = -13*f**2 + 2*f + 43. Let r(p) = -i(p) - 6*o(p). Let b = -58 + 55. Calculate r(b).
-4
Let y(f) be the first derivative of -3*f**2 - 5*f - 36683. Let s = 5 + -1. Calculate y(s).
-29
Let a(w) = -35 - 35 - 22 - 8 - 5*w + 39. Give a(-13).
4
Let d(w) = -3*w + 1. Let t(n) be the second derivative of -4*n**3/3 + 3*n**2/2 - 6*n. Let s(a) = 5*d(a) - 2*t(a). Determine s(-6).
-7
Let k(v) be the third derivative of -v**6/120 + v**5/5 + v**4/24 - 7*v**3/6 - 1191*v**2 + 2. Calculate k(12).
5
Let u(t) be the third derivative of t**7/840 + 7*t**5/10 - 3*t**2 - t. Let c(a) be the third derivative of u(a). Let p be (4/8*-4)/(1 - 0). Calculate c(p).
-12
Let f(x) = -3*x + 6. Let v(y) = -y + 1. Let d(q) = 3*q - 9. Let u(w) = -d(w) + 4*v(w). Let j = -7 + -6. Let n(c) = j*f(c) + 6*u(c). What is n(3)?
-9
Suppose 4*l = 12, -69 - 13 = 2*g + 4*l. Let w = -45 - g. Let z be (0 - w)*(-2)/4*1. Let m(r) = -5*r. Determine m(z).
-5
Let u(g) be the third derivative of g**8/6720 + g**7/420 - g**6/180 - g**5/30 + 10*g**4 - 284*g**2. Let m(k) be the second derivative of u(k). Determine m(-6).
20
Let l(k) = 7 + 0 + 769*k - 770*k. Determine l(-6).
13
Let t(i) = -i**3 - 2*i**2 + 2*i + 3. Let q be t(0). Let b(j) = 11*j**2 + 22*j - 16*j - 1 - 10*j - 2*j**q - 4. Give b(5).
0
Let n(a) be the first derivative of -a**4/4 - 7*a**3/3 + 3*a**2/2 - a + 1117. What is n(-6)?
-55
Let l(n) = -14 + 11 + 3*n - 48*n + 7 - 27. Give l(-3).
112
Let d(t) be the third derivative of -t**4/6 - 6*t**2 + 173*t - 12. Suppose 0 = 3*b - 2*k - 10, -3*b + 0*b + 16 = 4*k. Let c = 0 - b. What is d(c)?
16
Let d(m) be the third derivative of m**5/60 + 2*m**4/3 - 34*m**3/3 + 2107*m**2. Determine d(-22).
64
Let v(i) = 11*i**2 + 19*i + 51. Let x be v(-3). Suppose 0 = 2*d, -2*d - x = 4*a - 89. Let n(c) = 34*c**2 + 1. Give n(a).
35
Let z be (-2)/5 + (-340)/25. Let p(h) = -h**3 - 14*h**2 + h + 23. Let k be p(z). Let u(o) = o**2 - 11*o - 8. Give u(k).
-26
Let n = 13192 - 39574/3. Let x(o) be the second derivative of -n*o**3 + 26*o + 0 - 3/2*o**2 - 1/12*o**4. Determine x(-5).
-8
Let w be (1/(-6)*0)/1. Suppose w = 14*o + 39 + 17. Let m(x) = -x + 1. Give m(o).
5
Let u(w) = 2*w - 49. Suppose -19*z = -43695 + 43258. Give u(z).
-3
Suppose 4*b = 4*o - 16, 342*o - 346*o + b = 14. Let v(k) = -k**2 + 8 + 0*k + 0*k - 4*k - 3. Give v(o).
-7
Let x(b) = 80 - 10*b - 27 - 25 - 20. Give x(4).
-32
Suppose -2*m = -j - 3, 2*j + 3*j - 5 = 0. Let o(d) = 8*d**m - 2*d**3 - 6*d + 7*d**3 + 3 - 6*d**3. What is o(7)?
10
Suppose -8*u + 20*u = 36. Let g(x) = -8 - 887*x**2 - 7*x - u*x + 886*x**2. Give g(-8).
8
Let t(n) be the first derivative of -5*n**2 - 19*n - 1781. Let h be -1 + (-4 - -1 - -1). Let p be t(h). Let s(z) = z**3 - 12*z**2 + 11*z. Determine s(p).
0
Let f = -50 + 53. Let u(b) = -15*b**3 + 9*b**2 - 2*b + 16*b**3 + 0 + f. Calculate u(-9).
21
Let q(n) = -n - 61. Suppose 105 - 585 = 61*y + 374. Calculate q(y).
-47
Let s(b) = -56*b**3 - 3*b - 2. Suppose -4*w + 4 = 4*l, -4*w + 17 = 9. Give s(l).
57
Suppose 3*a = -c - 2*c + 30, 6 = 2*c. Suppose 0 = 10*n - 3*n - a. Let l(t) = -17*t + 6. Let u(y) = -y + 1. Let w(k) = -l(k) + 5*u(k). Determine w(n).
11
Let x(d) = -4*d + 3 + 2 + 0*d. Let i(f) = f**3 - 5*f**2 + 49*f - 326. Let w be i(6). Calculate x(w).
-11
Let p(d) = -d**3 - 8*d**2 - 4*d - 12. Suppose 925*g = 937*g + 96. What is p(g)?
20
Let p = -5730 + 5715. Let s(w) = 2*w + 6. Determine s(p).
-24
Suppose 4*a - a = -4*q + 307, 426 = 4*a - 3*q. Let d(t) = a*t - 103*t + 1 - 2. Determine d(-5).
-11
Let u(z) = -2*z + 1. Suppose 0 = -i - 3*t + 628, -3*i = 5*t - t - 1869. Let o = i - 625. Give u(o).
13
Suppose 2*b = -3*z + 5, -271 = -z + 5*b - 241. Let g(n) = 3*n + 7. Give g(z).
22
Let x(q) = 33*q + 2083. Let b be x(-63). Let m(s) = s**2 - 6*s + 3. Calculate m(b).
-5
Let c(s) = s**2 - 2*s - 3. Suppose 0 = -5*g + 35 + 45. Let o = -15 - g. Let d = -33 - o. Give c(d).
5
Let v(z) = -z**3 - 21*z**2 - 26*z - 114. Let g(u) = -3*u**2 + 119*u + 20. Let h be g(40). What is v(h)?
6
Let s(b) be the second derivative of b**3/6 - b**2/2 - b. Suppose -38*z - 1 = -115. What is s(z)?
2
Let y(t) = t + 14. Suppose -2*p = p - 4*d - 74, -5*d + 170 = 5*p. Suppose 2*w - 5*x + 18 = -5, -3*x = -3*w - p. Determine y(w).
5
Suppose 73*s = 70*s, 4*k = 5*s + 8. Let g(b) = -9*b**2 - 8*b + 10. Calculate g(k).
-42
Let d(y) = -71 + 35 - 32*y + 6 + 30. Determine d(1).
-32
Let o be (-1432)/1790 + (-18)/(-10). Let w(m) = 44*m**2 + 2*m - 2. Determine w(o).
44
Let u(n) = 2*n**3 + 32*n**2 - 32*n + 45. Let j be (17/(-6))/(-33*(-30)/5940). What is u(j)?
11
Let j be (-4 - 31)*18/63 + 7. Let r(y) = 7*y**2 + 2*y + 8. Give r(j).
65
Let k(h) = -2*h - 5. Let r be k(-4). Let m(n) be the second derivative of n**5/20 - 5*n**4/12 + n**2 + n - 2973. Determine m(r).
-16
Let u(o) = o + 6. Suppose 75 = -37*x + 12*x. Let a(q) = 1. Let l(f) = -4. Let j(n) = -9*a(n) - 2*l(n). Let m(p) = x*u(p) - 15*j(p). What is m(-3)?
6
Let w(h) = -h**3 - 9*h**2 + 8*h - 14. Let z be (-5 - 0)/(-1) - (-140)/35. Suppose 0 = v + z*v - 840. Let m = v - 94. What is w(m)?
6
Let p(h) = 204*h**2 + 51*h - 16. Let q(r) = 37*r**2 + 10*r - 3. Let a(s) = 4*p(s) - 22*q(s). What is a(7)?
-12
Let d(b) be the third derivative of -15*b**2 - 7/2*b**3 + 1/12*b**4 + 0*b + 0 + 1/360*b**6 - 1/20*b**5. Let w(j) be the first derivative of d(j). Give w(4).
-6
Let j(k) be the third derivative of 4 + 2*k**3 + 1/10*k**5 + 0*k - 8*k**2